{"id":840,"date":"2019-09-06T10:54:25","date_gmt":"2019-09-06T08:54:25","guid":{"rendered":"http:\/\/www.comyn-conservation.com\/Test002\/?page_id=840"},"modified":"2025-06-09T03:04:11","modified_gmt":"2025-06-09T01:04:11","slug":"notre-histoire","status":"publish","type":"page","link":"https:\/\/www.comyn-conservation.com\/index.php\/notre-histoire\/","title":{"rendered":"Notre histoire"},"content":{"rendered":"\t\t<div data-elementor-type=\"wp-page\" data-elementor-id=\"840\" class=\"elementor elementor-840\">\n\t\t\t\t<div class=\"elementor-element elementor-element-4bed7dfa e-con-full e-flex wpr-particle-no wpr-jarallax-no wpr-parallax-no wpr-sticky-section-no e-con e-parent\" data-id=\"4bed7dfa\" data-element_type=\"container\" data-e-type=\"container\">\n\t\t\t\t<div class=\"elementor-element elementor-element-cb6b8e5 elementor-widget elementor-widget-html\" data-id=\"cb6b8e5\" data-element_type=\"widget\" data-e-type=\"widget\" data-widget_type=\"html.default\">\n\t\t\t\t<div class=\"elementor-widget-container\">\n\t\t\t\t\t<section class=\"timeline\">\n  <h2>Notre histoire<\/h2>\n  <div class=\"timeline-container\">\n    <div class=\"timeline-item\">\n      <span class=\"timeline-date\">1984<\/span>\n      <div class=\"timeline-content\">\n        <h3>Cr\u00e9ation de l\u2019entreprise<\/h3>\n        <p>COMYN est fond\u00e9e en 1984 \u00e0 l\u2019initiative de Marcel COMYN, tout juste retrait\u00e9 apr\u00e8s avoir cr\u00e9\u00e9 et dirig\u00e9 la SICA Parmentier, une coop\u00e9rative sp\u00e9cialis\u00e9e dans la commercialisation des pommes de terre de la r\u00e9gion de Montdidier.<br\/>\nCette origine, profond\u00e9ment ancr\u00e9e dans le monde agricole, a fa\u00e7onn\u00e9 notre esprit de service, de proximit\u00e9 et d\u2019engagement envers les producteurs.<\/p>\n      <\/div>\n    <\/div>\n\n    <div class=\"timeline-item\">\n      <span class=\"timeline-date\">......<\/span>\n      <div class=\"timeline-content\">\n        <h3>N\u00e9goce de pommes de terre<\/h3>\n        <p>L\u2019entreprise d\u00e9bute naturellement par le n\u00e9goce de pommes de terre, notamment \u00e0 destination du march\u00e9 italien.\nForte de l\u2019exp\u00e9rience de son fondateur, COMYN s\u2019impose rapidement sur ce march\u00e9 exigeant.<br\/>\nDans le m\u00eame temps, sous l\u2019impulsion de M. Fran\u00e7ois Boulogne, fort d\u2019un parcours technique, l\u2019activit\u00e9 s\u2019\u00e9largit \u00e0 la vente de mat\u00e9riels de conditionnement, puis \u00e0 l\u2019installation de solutions de stockage ventil\u00e9, afin de r\u00e9pondre aux besoins croissants des agriculteurs en mati\u00e8re de conservation.<\/p>\n      <\/div>\n    <\/div>\n\n    <div class=\"timeline-item\">\n      <span class=\"timeline-date\">1990<\/span>\n      <div class=\"timeline-content\">\n        <h3>Innovation en thermon\u00e9bulisation<\/h3>\n        <p>\u00c0 la fin des ann\u00e9es 1980, les contr\u00f4les renforc\u00e9s sur les r\u00e9sidus de CIPC perturbent les \u00e9changes commerciaux, notamment vers l\u2019Italie.\nLe proc\u00e9d\u00e9 de poudrage alors utilis\u00e9 ne garantit ni une bonne protection ni le respect des seuils r\u00e9glementaires.\n<br\/>\nCOMYN engage alors une recherche de solutions alternatives et initie une collaboration avec XEDA INTERNATIONAL pour d\u00e9velopper l\u2019application du CIPC par thermon\u00e9bulisation, une avanc\u00e9e majeure \u00e0 l\u2019\u00e9poque.<\/p>\n      <\/div>\n    <\/div>\n\n    <div class=\"timeline-item\">\n      <span class=\"timeline-date\">1992<\/span>\n      <div class=\"timeline-content\">\n        <h3>Cr\u00e9ation de COMYN Distribution<\/h3>\n        <p>En 1992, l\u2019activit\u00e9 de n\u00e9goce devient une structure autonome sous le nom COMYN Distribution.<br\/>\nCette \u00e9volution permet \u00e0 COMYN de se concentrer pleinement sur son c\u0153ur de m\u00e9tier : le stockage et les techniques de conservation.<\/p>\n      <\/div>\n    <\/div>\n\n    <div class=\"timeline-item\">\n      <span class=\"timeline-date\">2000<\/span>\n      <div class=\"timeline-content\">\n        <h3>D\u00e9veloppement du stockage par r\u00e9frig\u00e9ration<\/h3>\n        <p>Initialement sp\u00e9cialis\u00e9 dans la ventilation, COMYN int\u00e8gre des solutions de r\u00e9frig\u00e9ration \u00e0 eau glycol\u00e9e, \u00e9largissant son offre \u00e0 des installations plus performantes et ma\u00eetris\u00e9es.<br\/>\nL\u2019entreprise devient un acteur cl\u00e9 de l\u2019accompagnement des stockeurs, en int\u00e9grant progressivement :<br\/>\n- La r\u00e9cup\u00e9ration de chaleur<br\/>\n- Une large gamme d\u2019inhibiteurs de germination, y compris pour les cultures biologiques<br\/>\n- Des solutions personnalis\u00e9es, adapt\u00e9es \u00e0 chaque structure de production<\/p>\n      <\/div>\n    <\/div>\n\n    <div class=\"timeline-item\">\n      <span class=\"timeline-date\">2025<\/span>\n      <div class=\"timeline-content\">\n        <h3>Une entreprise tourn\u00e9e vers l\u2019avenir<\/h3>\n        <p>Aujourd\u2019hui, COMYN met son expertise au service de solutions performantes, fiables et durables, tout en anticipant les \u00e9volutions r\u00e9glementaires et environnementales.<br\/>\nFid\u00e8le \u00e0 ses origines, COMYN poursuit sa mission : accompagner les professionnels agricoles avec des outils adapt\u00e9s \u00e0 leurs enjeux de production et de conservation.<\/p>\n      <\/div>\n    <\/div>\n  <\/div>\n<\/section>\n\n<style>\n.timeline {\n  max-width: 900px;\n  margin: 0 auto;\n  padding: 2em;\n  font-family: Arial, sans-serif;\n}\n\n.timeline h2 {\n  text-align: center;\n  font-size: 2em;\n  margin-bottom: 2em;\n}\n\n.timeline-container {\n  position: relative;\n  padding-left: 30px;\n  border-left: 3px solid #7BA23F;\n}\n\n.timeline-item {\n  margin-bottom: 40px;\n  position: relative;\n}\n\n.timeline-date {\n  position: absolute;\n  left: -80px;\n  font-weight: bold;\n  color: #7BA23F;\n  font-size: 1.1em;\n}\n\n.timeline-content {\n  background-color: #f6f6f6;\n  padding: 15px 20px;\n  border-radius: 5px;\n  border-left: 4px solid #7BA23F;\n  box-shadow: 0 2px 6px rgba(0,0,0,0.05);\n}\n\n.timeline-content h3 {\n  margin-top: 0;\n  font-size: 1.2em;\n  color: #333;\n}\n\n@media (max-width: 600px) {\n  .timeline-date {\n    position: relative;\n    left: 0;\n    display: block;\n    margin-bottom: 5px;\n  }\n\n  .timeline-container {\n    padding-left: 0;\n    border-left: none;\n  }\n\n  .timeline-content {\n    border-left: none;\n    border-top: 4px solid #7BA23F;\n  }\n}\n<\/style>\t\t\t\t<\/div>\n\t\t\t\t<\/div>\n\t\t\t\t<\/div>\n\t\t\t\t<\/div>\n\t\t","protected":false},"excerpt":{"rendered":"<p>Notre histoire 1984 Cr\u00e9ation de l\u2019entreprise COMYN est fond\u00e9e en 1984 \u00e0 l\u2019initiative de Marcel COMYN, tout juste retrait\u00e9 apr\u00e8s avoir cr\u00e9\u00e9 et dirig\u00e9 la SICA Parmentier, une coop\u00e9rative sp\u00e9cialis\u00e9e dans la commercialisation des pommes de terre de la r\u00e9gion de Montdidier. Cette origine, profond\u00e9ment ancr\u00e9e dans le monde agricole, a fa\u00e7onn\u00e9 notre esprit de service, de proximit\u00e9 et d\u2019engagement envers les producteurs. &#8230;&#8230; N\u00e9goce de pommes de terre L\u2019entreprise d\u00e9bute naturellement par le n\u00e9goce de pommes de terre, notamment \u00e0 destination du march\u00e9 italien. Forte de l\u2019exp\u00e9rience de son fondateur, COMYN s\u2019impose rapidement sur ce march\u00e9 exigeant. Dans le m\u00eame temps, sous l\u2019impulsion de M. Fran\u00e7ois Boulogne, fort d\u2019un parcours technique, l\u2019activit\u00e9 s\u2019\u00e9largit \u00e0 la vente de mat\u00e9riels de conditionnement, puis \u00e0 l\u2019installation de solutions de stockage ventil\u00e9, afin de r\u00e9pondre aux besoins croissants des agriculteurs en mati\u00e8re de conservation. 1990 Innovation en thermon\u00e9bulisation \u00c0 la fin des ann\u00e9es 1980, les contr\u00f4les renforc\u00e9s sur les r\u00e9sidus de CIPC perturbent les \u00e9changes commerciaux, notamment vers l\u2019Italie. Le proc\u00e9d\u00e9 de poudrage alors utilis\u00e9 ne garantit ni une bonne protection ni le respect des seuils r\u00e9glementaires. COMYN engage alors une recherche de solutions alternatives et initie une collaboration avec XEDA INTERNATIONAL pour d\u00e9velopper l\u2019application du CIPC par thermon\u00e9bulisation, une avanc\u00e9e majeure \u00e0 l\u2019\u00e9poque. 1992 Cr\u00e9ation de COMYN Distribution En 1992, l\u2019activit\u00e9 de n\u00e9goce devient une structure autonome sous le nom COMYN Distribution. Cette \u00e9volution permet \u00e0 COMYN de se concentrer pleinement sur son c\u0153ur de m\u00e9tier : le stockage et les techniques de conservation. 2000 D\u00e9veloppement du stockage par r\u00e9frig\u00e9ration Initialement sp\u00e9cialis\u00e9 dans la ventilation, COMYN int\u00e8gre des solutions de r\u00e9frig\u00e9ration \u00e0 eau glycol\u00e9e, \u00e9largissant son offre \u00e0 des installations plus performantes et ma\u00eetris\u00e9es. L\u2019entreprise devient un acteur cl\u00e9 de l\u2019accompagnement des stockeurs, en int\u00e9grant progressivement : &#8211; La r\u00e9cup\u00e9ration de chaleur &#8211; Une large gamme d\u2019inhibiteurs de germination, y compris pour les cultures biologiques &#8211; Des solutions personnalis\u00e9es, adapt\u00e9es \u00e0 chaque structure de production 2025 Une entreprise tourn\u00e9e vers l\u2019avenir Aujourd\u2019hui, COMYN met son expertise au service de solutions performantes, fiables et durables, tout en anticipant les \u00e9volutions r\u00e9glementaires et environnementales. Fid\u00e8le \u00e0 ses origines, COMYN poursuit sa mission : accompagner les professionnels agricoles avec des outils adapt\u00e9s \u00e0 leurs enjeux de production et de conservation.<\/p>\n","protected":false},"author":1,"featured_media":0,"parent":0,"menu_order":0,"comment_status":"closed","ping_status":"closed","template":"","meta":{"footnotes":""},"class_list":["post-840","page","type-page","status-publish","hentry"],"_links":{"self":[{"href":"https:\/\/www.comyn-conservation.com\/index.php\/wp-json\/wp\/v2\/pages\/840","targetHints":{"allow":["GET"]}}],"collection":[{"href":"https:\/\/www.comyn-conservation.com\/index.php\/wp-json\/wp\/v2\/pages"}],"about":[{"href":"https:\/\/www.comyn-conservation.com\/index.php\/wp-json\/wp\/v2\/types\/page"}],"author":[{"embeddable":true,"href":"https:\/\/www.comyn-conservation.com\/index.php\/wp-json\/wp\/v2\/users\/1"}],"replies":[{"embeddable":true,"href":"https:\/\/www.comyn-conservation.com\/index.php\/wp-json\/wp\/v2\/comments?post=840"}],"version-history":[{"count":17,"href":"https:\/\/www.comyn-conservation.com\/index.php\/wp-json\/wp\/v2\/pages\/840\/revisions"}],"predecessor-version":[{"id":1101,"href":"https:\/\/www.comyn-conservation.com\/index.php\/wp-json\/wp\/v2\/pages\/840\/revisions\/1101"}],"wp:attachment":[{"href":"https:\/\/www.comyn-conservation.com\/index.php\/wp-json\/wp\/v2\/media?parent=840"}],"curies":[{"name":"wp","href":"https:\/\/api.w.org\/{rel}","templated":true}]}}