{"id":390,"date":"2019-04-29T20:04:33","date_gmt":"2019-04-29T18:04:33","guid":{"rendered":"http:\/\/www.comyn-conservation.com\/Test002\/?page_id=390"},"modified":"2025-06-09T03:15:56","modified_gmt":"2025-06-09T01:15:56","slug":"qui-sommes-nous-1","status":"publish","type":"page","link":"https:\/\/www.comyn-conservation.com\/index.php\/qui-sommes-nous-1\/","title":{"rendered":"Qui sommes nous ?"},"content":{"rendered":"\t\t<div data-elementor-type=\"wp-page\" data-elementor-id=\"390\" class=\"elementor elementor-390\">\n\t\t\t\t<div class=\"elementor-element elementor-element-21f753b e-flex e-con-boxed wpr-particle-no wpr-jarallax-no wpr-parallax-no wpr-sticky-section-no e-con e-parent\" data-id=\"21f753b\" data-element_type=\"container\" data-e-type=\"container\">\n\t\t\t\t\t<div class=\"e-con-inner\">\n\t\t\t\t<div class=\"elementor-element elementor-element-901a08b elementor-widget elementor-widget-html\" data-id=\"901a08b\" data-element_type=\"widget\" data-e-type=\"widget\" data-widget_type=\"html.default\">\n\t\t\t\t<div class=\"elementor-widget-container\">\n\t\t\t\t\t<section class=\"about-section\">\n  <h2>Qui sommes-nous ?<\/h2>\n  <div class=\"about-grid\">\n\n    <div class=\"about-block\">\n      <img decoding=\"async\" src=\"https:\/\/img.icons8.com\/ios-filled\/100\/family.png\" alt=\"Entreprise familiale\">\n      <h3>Entreprise familiale et ind\u00e9pendante<\/h3>\n      <p>Depuis plus de 35 ans, COMYN accompagne les agriculteurs avec professionnalisme et proximit\u00e9.. Une r\u00e9f\u00e9rence dans le monde agricole, port\u00e9e par trois g\u00e9n\u00e9rations.<br\/>\n      <\/p>\n    <\/div>\n\n    <div class=\"about-block\">\n      <img decoding=\"async\" src=\"https:\/\/img.icons8.com\/ios-filled\/100\/corn.png\" alt=\"Stockage agricole\">\n      <h3>Sp\u00e9cialistes du stockage agricole<\/h3>\n      <p>Nous concevons et installons des syst\u00e8mes de ventilation et de r\u00e9frig\u00e9ration pour les pommes de terre de consommation et de semence ainsi que d\u2019autres productions sensibles comme les oignons, carottes, betteraves rouges et autres cultures.<\/p>\n    <\/div>\n\n    <div class=\"about-block\">\n      <img decoding=\"async\" src=\"https:\/\/img.icons8.com\/ios-filled\/100\/maintenance.png\" alt=\"Personnel qualifi\u00e9\">\n      <h3>Une approche globale et sur mesure<\/h3>\n      <p>Nous intervenons d\u00e8s la conception des b\u00e2timents, aux c\u00f4t\u00e9s des constructeurs, afin de d\u00e9finir les dimensions et les solutions les plus adapt\u00e9es \u00e0 la conservation des cultures.\nNos installations combinent des \u00e9quipements fiables et performants \u2014 ventilation, r\u00e9frig\u00e9ration, pilotage et automatisation \u2014 mis en \u0153uvre par des \u00e9quipes habilit\u00e9es aux installations \u00e9lectriques, aux fluides frigorig\u00e8nes et aux traitements phytosanitaires.<\/p>\n    <\/div>\n\n  <\/div>\n<\/section>\n\n<style>\n.about-section {\n  max-width: 1100px;\n  margin: 0 auto;\n  padding: 40px 20px;\n  font-family: Arial, sans-serif;\n}\n\n.about-section h2 {\n  text-align: center;\n  font-size: 2em;\n  margin-bottom: 40px;\n}\n\n.about-grid {\n  display: grid;\n  grid-template-columns: repeat(auto-fit, minmax(260px, 1fr));\n  gap: 30px;\n}\n\n.about-block {\n  text-align: center;\n  padding: 20px;\n  border: 2px solid #e2e8f0;\n  border-radius: 12px;\n  background: #f9f9f9;\n  transition: transform 0.3s;\n}\n\n.about-block:hover {\n  transform: translateY(-5px);\n  box-shadow: 0 5px 20px rgba(0,0,0,0.05);\n}\n\n.about-block img {\n  width: 60px;\n  height: 60px;\n  margin-bottom: 15px;\n}\n\n.about-block h3 {\n  margin-bottom: 10px;\n  color: #4a7c2e;\n}\n<\/style>\n\t\t\t\t<\/div>\n\t\t\t\t<\/div>\n\t\t\t\t\t<\/div>\n\t\t\t\t<\/div>\n\t\t\t\t<\/div>\n\t\t","protected":false},"excerpt":{"rendered":"<p>Qui sommes-nous ? Entreprise familiale et ind\u00e9pendante Depuis plus de 35 ans, COMYN accompagne les agriculteurs avec professionnalisme et proximit\u00e9.. Une r\u00e9f\u00e9rence dans le monde agricole, port\u00e9e par trois g\u00e9n\u00e9rations. Sp\u00e9cialistes du stockage agricole Nous concevons et installons des syst\u00e8mes de ventilation et de r\u00e9frig\u00e9ration pour les pommes de terre de consommation et de semence ainsi que d\u2019autres productions sensibles comme les oignons, carottes, betteraves rouges et autres cultures. Une approche globale et sur mesure Nous intervenons d\u00e8s la conception des b\u00e2timents, aux c\u00f4t\u00e9s des constructeurs, afin de d\u00e9finir les dimensions et les solutions les plus adapt\u00e9es \u00e0 la conservation des cultures. Nos installations combinent des \u00e9quipements fiables et performants \u2014 ventilation, r\u00e9frig\u00e9ration, pilotage et automatisation \u2014 mis en \u0153uvre par des \u00e9quipes habilit\u00e9es aux installations \u00e9lectriques, aux fluides frigorig\u00e8nes et aux traitements phytosanitaires.<\/p>\n","protected":false},"author":1,"featured_media":0,"parent":0,"menu_order":0,"comment_status":"closed","ping_status":"closed","template":"","meta":{"footnotes":""},"class_list":["post-390","page","type-page","status-publish","hentry"],"_links":{"self":[{"href":"https:\/\/www.comyn-conservation.com\/index.php\/wp-json\/wp\/v2\/pages\/390","targetHints":{"allow":["GET"]}}],"collection":[{"href":"https:\/\/www.comyn-conservation.com\/index.php\/wp-json\/wp\/v2\/pages"}],"about":[{"href":"https:\/\/www.comyn-conservation.com\/index.php\/wp-json\/wp\/v2\/types\/page"}],"author":[{"embeddable":true,"href":"https:\/\/www.comyn-conservation.com\/index.php\/wp-json\/wp\/v2\/users\/1"}],"replies":[{"embeddable":true,"href":"https:\/\/www.comyn-conservation.com\/index.php\/wp-json\/wp\/v2\/comments?post=390"}],"version-history":[{"count":16,"href":"https:\/\/www.comyn-conservation.com\/index.php\/wp-json\/wp\/v2\/pages\/390\/revisions"}],"predecessor-version":[{"id":1106,"href":"https:\/\/www.comyn-conservation.com\/index.php\/wp-json\/wp\/v2\/pages\/390\/revisions\/1106"}],"wp:attachment":[{"href":"https:\/\/www.comyn-conservation.com\/index.php\/wp-json\/wp\/v2\/media?parent=390"}],"curies":[{"name":"wp","href":"https:\/\/api.w.org\/{rel}","templated":true}]}}

<div data-elementor-type="wp-page" data-elementor-id="390" class="elementor elementor-390">
				<div class="elementor-element elementor-element-21f753b e-flex e-con-boxed wpr-particle-no wpr-jarallax-no wpr-parallax-no wpr-sticky-section-no e-con e-parent" data-id="21f753b" data-element_type="container" data-e-type="container">
					<div class="e-con-inner">
				<div class="elementor-element elementor-element-901a08b elementor-widget elementor-widget-html" data-id="901a08b" data-element_type="widget" data-e-type="widget" data-widget_type="html.default">
				<div class="elementor-widget-container">
					<section class="about-section">
  <h2>Qui sommes-nous ?</h2>
  <div class="about-grid">

    <div class="about-block">
      <img decoding="async" src="https://img.icons8.com/ios-filled/100/family.png" alt="Entreprise familiale">
      <h3>Entreprise familiale et indépendante</h3>
      <p>Depuis plus de 35 ans, COMYN accompagne les agriculteurs avec professionnalisme et proximité.. Une référence dans le monde agricole, portée par trois générations.<br/>
      </p>
    </div>

    <div class="about-block">
      <img decoding="async" src="https://img.icons8.com/ios-filled/100/corn.png" alt="Stockage agricole">
      <h3>Spécialistes du stockage agricole</h3>
      <p>Nous concevons et installons des systèmes de ventilation et de réfrigération pour les pommes de terre de consommation et de semence ainsi que d’autres productions sensibles comme les oignons, carottes, betteraves rouges et autres cultures.</p>
    </div>

    <div class="about-block">
      <img decoding="async" src="https://img.icons8.com/ios-filled/100/maintenance.png" alt="Personnel qualifié">
      <h3>Une approche globale et sur mesure</h3>
      <p>Nous intervenons dès la conception des bâtiments, aux côtés des constructeurs, afin de définir les dimensions et les solutions les plus adaptées à la conservation des cultures.
Nos installations combinent des équipements fiables et performants — ventilation, réfrigération, pilotage et automatisation — mis en œuvre par des équipes habilitées aux installations électriques, aux fluides frigorigènes et aux traitements phytosanitaires.</p>
    </div>

  </div>
</section>

<style>
.about-section {
  max-width: 1100px;
  margin: 0 auto;
  padding: 40px 20px;
  font-family: Arial, sans-serif;
}

.about-section h2 {
  text-align: center;
  font-size: 2em;
  margin-bottom: 40px;
}

.about-grid {
  display: grid;
  grid-template-columns: repeat(auto-fit, minmax(260px, 1fr));
  gap: 30px;
}

.about-block {
  text-align: center;
  padding: 20px;
  border: 2px solid #e2e8f0;
  border-radius: 12px;
  background: #f9f9f9;
  transition: transform 0.3s;
}

.about-block:hover {
  transform: translateY(-5px);
  box-shadow: 0 5px 20px rgba(0,0,0,0.05);
}

.about-block img {
  width: 60px;
  height: 60px;
  margin-bottom: 15px;
}

.about-block h3 {
  margin-bottom: 10px;
  color: #4a7c2e;
}
</style>
				</div>
				</div>
					</div>
				</div>
				</div>

<p>Qui sommes-nous ? Entreprise familiale et indépendante Depuis plus de 35 ans, COMYN accompagne les agriculteurs avec professionnalisme et proximité.. Une référence dans le monde agricole, portée par trois générations. Spécialistes du stockage agricole Nous concevons et installons des systèmes de ventilation et de réfrigération pour les pommes de terre de consommation et de semence ainsi que d’autres productions sensibles comme les oignons, carottes, betteraves rouges et autres cultures. Une approche globale et sur mesure Nous intervenons dès la conception des bâtiments, aux côtés des constructeurs, afin de définir les dimensions et les solutions les plus adaptées à la conservation des cultures. Nos installations combinent des équipements fiables et performants — ventilation, réfrigération, pilotage et automatisation — mis en œuvre par des équipes habilitées aux installations électriques, aux fluides frigorigènes et aux traitements phytosanitaires.</p>
