{"id":360,"date":"2019-04-29T19:47:20","date_gmt":"2019-04-29T17:47:20","guid":{"rendered":"http:\/\/www.comyn-conservation.com\/Test002\/?page_id=360"},"modified":"2025-09-29T16:23:37","modified_gmt":"2025-09-29T14:23:37","slug":"sonde","status":"publish","type":"page","link":"https:\/\/www.comyn-conservation.com\/index.php\/sonde\/","title":{"rendered":"Contr\u00f4le de sondes et capteurs"},"content":{"rendered":"\t\t<div data-elementor-type=\"wp-page\" data-elementor-id=\"360\" class=\"elementor elementor-360\">\n\t\t\t\t<div class=\"elementor-element elementor-element-6adc7f4d e-flex e-con-boxed wpr-particle-no wpr-jarallax-no wpr-parallax-no wpr-sticky-section-no e-con e-parent\" data-id=\"6adc7f4d\" data-element_type=\"container\" data-e-type=\"container\">\n\t\t\t\t\t<div class=\"e-con-inner\">\n\t\t\t\t<div class=\"elementor-element elementor-element-512227e elementor-widget elementor-widget-html\" data-id=\"512227e\" data-element_type=\"widget\" data-e-type=\"widget\" data-widget_type=\"html.default\">\n\t\t\t\t<div class=\"elementor-widget-container\">\n\t\t\t\t\t<section class=\"section-vrac\">\n  <div class=\"container\">\n    <h1>Contr\u00f4le des sondes et capteurs<\/h1>\n\n    <div class=\"vrac-content\">\n      <div class=\"vrac-text\">\n        <p>\n  <b>Fiabilit\u00e9 des capteurs : un \u00e9l\u00e9ment cl\u00e9 pour la qualit\u00e9 de vos produits.<\/b><br\/><br\/>\nLes sondes de temp\u00e9rature, d'hygrom\u00e8trie et les capteurs de CO\u2082 jouent un r\u00f4le essentiel dans le suivi de votre stockage. Con\u00e7us pour r\u00e9sister \u00e0 des conditions de travail difficiles, ces \u00e9quipements \u00e9lectroniques peuvent n\u00e9anmoins tomber en panne ou fournir des mesures erron\u00e9es. Cela peut avoir des cons\u00e9quences importantes sur la qualit\u00e9 de vos produits.\n<br\/><br\/>\nC\u2019est pourquoi il est important de contr\u00f4ler r\u00e9guli\u00e8rement leur bon fonctionnement, au moins une fois par an, ou d\u00e8s qu\u2019un doute appara\u00eet.\n<br\/><br\/>\nNous proposons ce contr\u00f4le dans le cadre d\u2019un contrat d\u2019entretien pour vos installations de ventilation ou de r\u00e9frig\u00e9ration, afin de garantir la fiabilit\u00e9 de vos \u00e9quipements et la s\u00e9curit\u00e9 de vos r\u00e9coltes.\n        <\/p>\n      <\/div>\n\n      <div class=\"vrac-image\">\n        <img decoding=\"async\" src=\"http:\/\/www.comyn-conservation.com\/Images\/sonde-capteur.jpg \" alt=\"Contr\u00f4le des sondes et capteurs\" \/>\n      <\/div>\n    <\/div>\n  <\/div>\n<\/section>\n\n<style>\n.section-vrac {\n  background: #f7f7f7;\n  padding: 60px 20px;\n  font-family: 'Arial', sans-serif;\n  color: #333;\n}\n\n.container {\n  max-width: 1100px;\n  margin: 0 auto;\n}\n\n.section-vrac h1 {\n  text-align: left;\n  font-size: 2.2em;\n  color: #4a7c2e;\n  margin-bottom: 40px;\n}\n\n.vrac-content {\n  display: flex;\n  flex-wrap: wrap;\n  gap: 40px;\n  align-items: flex-start;\n}\n\n.vrac-text {\n  flex: 1 1 55%;\n  font-size: 1.05em;\n  line-height: 1.6;\n}\n\n.vrac-text ul {\n  padding-left: 20px;\n  margin: 15px 0;\n}\n\n.vrac-text li {\n  margin-bottom: 10px;\n}\n\n.vrac-image {\n  flex: 1 1 40%;\n  text-align: center;\n}\n\n.vrac-image img {\n  max-width: 75%;\n  border-radius: 10px;\n  box-shadow: 0 2px 10px rgba(0,0,0,0.1);\n}\n\n<\/style>\t\t\t\t<\/div>\n\t\t\t\t<\/div>\n\t\t\t\t\t<\/div>\n\t\t\t\t<\/div>\n\t\t\t\t<\/div>\n\t\t","protected":false},"excerpt":{"rendered":"<p>Contr\u00f4le des sondes et capteurs Fiabilit\u00e9 des capteurs : un \u00e9l\u00e9ment cl\u00e9 pour la qualit\u00e9 de vos produits. Les sondes de temp\u00e9rature, d&rsquo;hygrom\u00e8trie et les capteurs de CO\u2082 jouent un r\u00f4le essentiel dans le suivi de votre stockage. Con\u00e7us pour r\u00e9sister \u00e0 des conditions de travail difficiles, ces \u00e9quipements \u00e9lectroniques peuvent n\u00e9anmoins tomber en panne ou fournir des mesures erron\u00e9es. Cela peut avoir des cons\u00e9quences importantes sur la qualit\u00e9 de vos produits. C\u2019est pourquoi il est important de contr\u00f4ler r\u00e9guli\u00e8rement leur bon fonctionnement, au moins une fois par an, ou d\u00e8s qu\u2019un doute appara\u00eet. Nous proposons ce contr\u00f4le dans le cadre d\u2019un contrat d\u2019entretien pour vos installations de ventilation ou de r\u00e9frig\u00e9ration, afin de garantir la fiabilit\u00e9 de vos \u00e9quipements et la s\u00e9curit\u00e9 de vos r\u00e9coltes.<\/p>\n","protected":false},"author":1,"featured_media":0,"parent":0,"menu_order":0,"comment_status":"closed","ping_status":"closed","template":"","meta":{"footnotes":""},"class_list":["post-360","page","type-page","status-publish","hentry"],"_links":{"self":[{"href":"https:\/\/www.comyn-conservation.com\/index.php\/wp-json\/wp\/v2\/pages\/360","targetHints":{"allow":["GET"]}}],"collection":[{"href":"https:\/\/www.comyn-conservation.com\/index.php\/wp-json\/wp\/v2\/pages"}],"about":[{"href":"https:\/\/www.comyn-conservation.com\/index.php\/wp-json\/wp\/v2\/types\/page"}],"author":[{"embeddable":true,"href":"https:\/\/www.comyn-conservation.com\/index.php\/wp-json\/wp\/v2\/users\/1"}],"replies":[{"embeddable":true,"href":"https:\/\/www.comyn-conservation.com\/index.php\/wp-json\/wp\/v2\/comments?post=360"}],"version-history":[{"count":16,"href":"https:\/\/www.comyn-conservation.com\/index.php\/wp-json\/wp\/v2\/pages\/360\/revisions"}],"predecessor-version":[{"id":1293,"href":"https:\/\/www.comyn-conservation.com\/index.php\/wp-json\/wp\/v2\/pages\/360\/revisions\/1293"}],"wp:attachment":[{"href":"https:\/\/www.comyn-conservation.com\/index.php\/wp-json\/wp\/v2\/media?parent=360"}],"curies":[{"name":"wp","href":"https:\/\/api.w.org\/{rel}","templated":true}]}}